 390245310 is divided by 67.
58
Calculate the remainder when 17685 is divided by 1842.
1107
Calculate the remainder when 29788590 is divided by 47.
37
What is the remainder when 80695 is divided by 39?
4
What is the remainder when 947982 is divided by 598?
152
What is the remainder when 308482 is divided by 10340?
8622
What is the remainder when 7141432 is divided by 120?
112
Calculate the remainder when 58644535 is divided by 135.
130
What is the remainder when 91154058 is divided by 1420?
1418
Calculate the remainder when 142408 is divided by 47331.
415
Calculate the remainder when 321261 is divided by 165.
6
What is the remainder when 40328037 is divided by 22?
13
Calculate the remainder when 13598417 is divided by 1871.
1860
What is the remainder when 375842 is divided by 68?
6
Calculate the remainder when 134109 is divided by 33518.
37
Calculate the remainder when 2636096 is divided by 527219.
1
Calculate the remainder when 978321 is divided by 116.
93
What is the remainder when 33285577 is divided by 530?
517
Calculate the remainder when 67429 is divided by 3545.
74
Calculate the remainder when 441049 is divided by 40.
9
What is the remainder when 1142717 is divided by 245?
37
Calculate the remainder when 2194601 is divided by 32755.
16
What is the remainder when 15846069 is divided by 15846042?
27
What is the remainder when 25049746 is divided by 2783304?
10
What is the remainder when 386895 is divided by 3525?
2670
Calculate the remainder when 59293 is divided by 40.
13
Calculate the remainder when 860502598 is divided by 12444.
12442
What is the remainder when 2191737 is divided by 344?
113
Calculate the remainder when 203047 is divided by 1486.
951
Calculate the remainder when 25243139 is divided by 260.
259
Calculate the remainder when 1270681 is divided by 634272.
2137
Calculate the remainder when 405242 is divided by 7498.
350
Calculate the remainder when 414885 is divided by 82877.
500
Calculate the remainder when 840840 is divided by 139.
29
What is the remainder when 3358641 is divided by 15129?
3
What is the remainder when 109931 is divided by 387?
23
What is the remainder when 4350244 is divided by 1087422?
556
Calculate the remainder when 93833 is divided by 17780.
4933
Calculate the remainder when 60083790 is divided by 11.
8
What is the remainder when 18118 is divided by 5498?
1624
Calculate the remainder when 2272186 is divided by 757394.
4
Calculate the remainder when 2829682 is divided by 943138.
268
Calculate the remainder when 10773 is divided by 3112.
1437
What is the remainder when 4594634 is divided by 45944?
234
Calculate the remainder when 41795 is divided by 13924.
23
Calculate the remainder when 920083 is divided by 919945.
138
Calculate the remainder when 2088182 is divided by 208816.
22
Calculate the remainder when 1275057 is divided by 85003.
12
What is the remainder when 3226114 is divided by 1268?
322
What is the remainder when 5461851 is divided by 2011?
1986
Calculate the remainder when 2813019 is divided by 1170.
339
Calculate the remainder when 4415024 is divided by 25.
24
Calculate the remainder when 2647175 is divided by 67876.
11
Calculate the remainder when 9529223 is divided by 4.
3
Calculate the remainder when 7530706 is divided by 1506125.
81
Calculate the remainder when 4374315 is divided by 729048.
27
Calculate the remainder when 1205 is divided by 1030.
175
What is the remainder when 90601 is divided by 1041?
34
What is the remainder when 119563 is divided by 2904?
499
Calculate the remainder when 593829 is divided by 2699.
49
What is the remainder when 124988 is divided by 19041?
10742
What is the remainder when 64760244 is divided by 15?
9
Calculate the remainder when 4328648 is divided by 644.
324
What is the remainder when 17225427 is divided by 70022?
15
What is the remainder when 36703449 is divided by 350?
349
What is the remainder when 16428035 is divided by 608445?
20
What is the remainder when 2466315 is divided by 58714?
327
What is the remainder when 1806671 is divided by 19?
18
What is the remainder when 157680 is divided by 425?
5
Calculate the remainder when 4685087 is divided by 275.
187
Calculate the remainder when 4007515 is divided by 663.
343
What is the remainder when 1322643 is divided by 102?
9
What is the remainder when 17561 is divided by 1315?
466
What is the remainder when 511019 is divided by 1176?
635
What is the remainder when 39135357 is divided by 440?
437
What is the remainder when 251258 is divided by 33?
29
Calculate the remainder when 5661 is divided by 186.
81
What is the remainder when 746978 is divided by 261?
257
Calculate the remainder when 35264 is divided by 34304.
960
What is the remainder when 4153827 is divided by 4683?
6
What is the remainder when 12763584 is divided by 283635?
9
What is the remainder when 20489988 is divided by 59?
55
Calculate the remainder when 46831145 is divided by 59.
13
What is the remainder when 113316361 is divided by 2155?
2151
Calculate the remainder when 2464122 is divided by 26213.
100
Calculate the remainder when 5150476 is divided by 858400.
76
Calculate the remainder when 10466476 is divided by 1162938.
34
What is the remainder when 108571859 is divided by 612?
611
What is the remainder when 36313 is divided by 816?
409
Calculate the remainder when 3569987 is divided by 4402.
4367
Calculate the remainder when 284962226 is divided by 63.
59
What is the remainder when 427818 is divided by 106954?
2
Calculate the remainder when 975234 is divided by 2520.
2514
What is the remainder when 91195 is divided by 8278?
137
What is the remainder when 528284 is divided by 58?
20
What is the remainder when 771759 is divided by 1700?
1659
What is the remainder when 13031742 is divided by 797?
792
What is the remainder when 1032056 is divided by 4767?
2384
Calculate the remainder when 312327 is divided by 842.
787
Calculate the remainder when 50928 is divided by 588.
360
What is the remainder when 199194 is divided by 268?
70
What is the remainder when 393038 is divided by 540?
458
What is the remainder when 595941 is divided by 4?
1
Calculate the remainder when 23582 is divided by 1817.
1778
What is the remainder when 116117 is divided by 1118?
963
Calculate the remainder when 49101481 is divided by 56.
9
What is the remainder when 41843 is divided by 5386?
4141
What is the remainder when 9687555 is divided by 8767?
20
Calculate the remainder when 299218 is divided by 2419.
1681
Calculate the remainder when 6183 is divided by 5956.
227
What is the remainder when 582580 is divided by 4852?
340
Calculate the remainder when 2811998 is divided by 103.
98
Calculate the remainder when 216179 is divided by 870.
419
What is the remainder when 11745 is divided by 644?
153
What is the remainder when 16406208 is divided by 9?
0
What is the remainder when 45250590 is divided by 9050118?
0
Calculate the remainder when 6512710 is divided by 10240.
70
Calculate the remainder when 36272965 is divided by 21040.
5
Calculate the remainder when 807012 is divided by 5419.
5000
What is the remainder when 1671279 is divided by 1196?
467
What is the remainder when 222575 is divided by 3477?
47
What is the remainder when 133180289 is divided by 3207?
3200
What is the remainder when 655407 is divided by 327700?
7
What is the remainder when 560715 is divided by 63?
15
What is the remainder when 593638 is divided by 7420?
38
Calculate the remainder when 8440916 is divided by 2824.
2804
Calculate the remainder when 1194984 is divided by 1165.
859
Calculate the remainder when 240097 is divided by 8888.
121
Calculate the remainder when 6480167 is divided by 15.
2
What is the remainder when 7455620 is divided by 1267?
592
What is the remainder when 9166459 is divided by 3302?
107
What is the remainder when 8655891 is divided by 4327944?
3
Calculate the remainder when 39846554 is divided by 74759.
7
What is the remainder when 202662 is divided by 2356?
46
Calculate the remainder when 284599 is divided by 283664.
935
Calculate the remainder when 1853868 is divided by 617947.
27
Calculate the remainder when 83238 is divided by 242.
232
Calculate the remainder when 704013 is divided by 10500.
513
What is the remainder when 1160204 is divided by 115951?
694
Wh